175*m + t*m. Calculate the remainder when m is divided by 17.
16
Let p = -211 + 270. What is the remainder when p is divided by 12?
11
Let r = 1834 - 1605. Calculate the remainder when r is divided by 12.
1
Let o(g) = -g**2 + g + 4. Let n be o(2). Let c = -17 - -28. Calculate the remainder when ((-5)/((-15)/246))/n is divided by c.
8
Let d = 18 - -35. Calculate the remainder when 210 is divided by d.
51
Suppose 2*v = -4*u + 24, u + 12 = -v + 2*v. Calculate the remainder when 57 is divided by v.
9
Suppose -359*z = -366*z + 168. What is the remainder when 290 is divided by z?
2
Suppose -4*t - 184 = -u - 2*u, 0 = u - 3*t - 68. Calculate the remainder when u is divided by 22.
12
Let t = -25 + 29. Suppose 2*g = 5*g - t*j - 67, 2*g - 53 = j. Calculate the remainder when g is divided by ((-6)/9)/((-2)/48).
13
Let c be (6/4)/(2/4). Suppose i - h = 8, -4*i + 12*h - 17*h = 4. Suppose c*z - 6*y - 15 = -5*y, -i*z + y = -19. What is the remainder when z is divided by 3?
1
Calculate the remainder when 67 is divided by ((-63)/36 + 4)/((-12)/(-32)).
1
Let h be (-10)/5 + -78 - -1. Let i = -72 - h. Calculate the remainder when 20 is divided by i.
6
Let r(g) = -4*g. Let l be r(2). Let m = 3 - l. Suppose m*b - 56 = 9*b. Calculate the remainder when 54 is divided by b.
26
Let w(a) = a**2 - 5*a - 19. Calculate the remainder when w(10) is divided by 20.
11
Let t = -285 + 407. Calculate the remainder when t is divided by 38.
8
Let p = -52 + 57. Suppose p*v - 409 = 5*k - 74, -k = v - 67. Calculate the remainder when v is divided by 23.
21
Let w = 56 + -25. Suppose 5*x = b + 4*b + 25, -2*x + b = -5. Suppose -5*p + x*p = -455. What is the remainder when p is divided by w?
29
Let x = -103 + 108. Calculate the remainder when 17 is divided by x.
2
Let p(s) = s**2 + 3*s - 8. What is the remainder when p(5) is divided by 1 - 4/(-4) - (0 + -5)?
4
Let f = 2455 + -2405. What is the remainder when f is divided by 39?
11
Suppose -2*o - o = -6. Let x be -2*o*(-5)/(-4). What is the remainder when 2 + x + 44 - 2 is divided by 10?
9
Let d(m) be the first derivative of m**4/4 + m**3/3 + 6*m + 4. Let t be d(5). Suppose -2*b = -0*b - t. Calculate the remainder when b is divided by 20.
18
Suppose 4*i = 5*j - j - 80, 3*j - 63 = 2*i. What is the remainder when j is divided by 3?
2
Suppose 6*o = 600 + 624. Calculate the remainder when o is divided by 70.
64
Suppose -12 = -m - 4*a, 2*m + 3*a - 7*a = 12. Calculate the remainder when 358 is divided by m.
6
Let q(y) = -5*y - 14. Let h be q(-9). Let i = h - 30. What is the remainder when 6 is divided by i?
0
Let r = 4 + -4. Suppose 2*h - 4*h + 484 = r. Suppose 5*d = 2*v + h + 81, 4*v = -2*d + 110. Calculate the remainder when d is divided by 16.
15
Let n be 4 + -1 + 6*55/(-10). Suppose -5*z + 279 = -16. Calculate the remainder when z is divided by 2/(-4) - n/20 - -30.
28
Let o be 616/(-63) - (-6)/(-27). Let d = 26 + o. Calculate the remainder when 61 is divided by d.
13
Let c be 2/(-4)*6*-4. Let p be (-15)/2 + (-2)/(-4). Let k = p + c. Calculate the remainder when 18 is divided by k.
3
Suppose -85*z = -61*z - 1776. What is the remainder when z is divided by 8?
2
Let a(h) = h**3 - 4*h**2 - 9*h + 5. Let k = 69 + -3. Calculate the remainder when k is divided by a(6).
20
Let r(k) = k**3 + 12*k**2 + 7*k + 3. Let j = 4924 - 4888. Calculate the remainder when r(-5) is divided by j.
35
Let u = -1452 - -1506. What is the remainder when 73 is divided by u?
19
Let h = 2 - -1. What is the remainder when (h - (44 - 4))/(-1) is divided by 153/12 - 2/(-8)?
11
Let y(b) = 9*b - 68. What is the remainder when 11 + (-2 - (-1 - -1)) is divided by y(8)?
1
Suppose -4*v + 20 = 2*t, -t + 3*t = 3*v + 27. Suppose -104 = -t*d + 4*d. Calculate the remainder when d is divided by 6.
1
Suppose -6*v + v - 385 = -5*l, -4*l + 308 = -3*v. Calculate the remainder when l is divided by 17.
9
Let r be 2 + (0 - 0) - -2. Suppose -11*b + 1066 + 331 = 0. Suppose r*o - s = 107, -3*o - s + b = 2*o. Calculate the remainder when o is divided by 9.
8
Let h be (8/(-16))/((-1)/34). Suppose a - z - h = 16, -4*z = -4. What is the remainder when a is divided by 12?
10
Calculate the remainder when (-24566)/(-213) - (21/9 - 2) is divided by 91.
24
Suppose a + 18 - 68 = 0. Calculate the remainder when 199 is divided by (a/(-3))/(8/(-24)).
49
Suppose 5*o - 2*q + 17 = 82, 4*o - 52 = 5*q. Suppose -4 = c, 3*b = 3*c + 3 - 9. Let p = -1 - b. Calculate the remainder when o is divided by p.
3
Suppose 1287 = 47*u - 38*u. Calculate the remainder when u is divided by 35.
3
Let s(q) = -8*q - 36. Let p be s(-8). Let o = 55 - p. Calculate the remainder when o is divided by 8.
3
Let l(u) = 2*u**2 - 2*u - 12. Let x = -23 + 28. Let d be l(x). Suppose 0 = -5*b + b + d. Calculate the remainder when 27 is divided by b.
6
Suppose -3*j = -702 - 909. Calculate the remainder when j is divided by 12.
9
Let y(i) = i**3 - 6*i**2 + 5*i - 35. Calculate the remainder when y(7) is divided by 3.
1
Suppose 4*v = c - 0*v - 199, 409 = 2*c + 3*v. What is the remainder when c is divided by 34?
33
Let x(k) = k**3 - 12*k**2 + 34*k - 2. Calculate the remainder when 418 is divided by x(8).
12
Let u be -2 + -1 - 4/1. Suppose w = g - 10, w + 5*g = 5*w + 44. Calculate the remainder when 1 is divided by w/(-2) + 14/u.
0
Suppose -2*q + 47 = 11. Suppose -30 = -2*u + q. Let j(b) = 27*b + 1229. Calculate the remainder when u is divided by j(-45).
10
What is the remainder when 388 is divided by 7*((-12)/15)/(84/(-90))?
4
Let x(w) = -2*w + 114. What is the remainder when 192 is divided by x(43)?
24
Let d be (850/(-4))/((-8)/80). Suppose 0 = z - 7 - 9. What is the remainder when (-2)/9 + d/45 is divided by z?
15
Let q(l) = -l**3 - 6*l**2 - 6*l - 5. Let c be q(-5). Suppose -6*o + 3*o + 90 = c. Calculate the remainder when 58 is divided by o.
28
Let z = 3 - -6. Calculate the remainder when z is divided by (-5 - -8)/((-12)/8) + 4.
1
Let g(c) = 4*c**2 - 16*c - 47. Calculate the remainder when 441 is divided by g(-3).
34
Let s be (-125)/(-6) + (-5)/(-30). Suppose -4*g + 7 = -s. Let o(r) = r**2 - 5*r + 4. What is the remainder when 34 is divided by o(g)?
16
Let g be (-63)/(-35) + 2/10. Suppose g*k = -i + 4*k + 28, k = -5. What is the remainder when 70 is divided by i?
16
Suppose 2*p = -5*c + 159, 3*p - 150 = 3*c + 78. Let w = -29 - -49. Calculate the remainder when p is divided by w.
17
Let v = 105 - 26. Suppose v*d = 78*d + 33. What is the remainder when d is divided by 12?
9
Let v = 315 + -217. Suppose 2*y - 4*g + 0*g = 90, 2*y - v = -4*g. What is the remainder when 185 is divided by y?
44
Let j be (-2 - 70)*48/(-18). Suppose -4*p = -7*p + j. Suppose -8*s + p = -4*s. Calculate the remainder when 61 is divided by s.
13
Let f = -14 + 67. Let k = f - 45. What is the remainder when 29 is divided by k?
5
Let j = -75 - -81. What is the remainder when 99 is divided by (-20)/(-1) - (72/8 - j)?
14
Let u = 831 + -795. Suppose -5*y + 3 = 2*n - 1, n - 3 = -3*y. Suppose -261 = -y*b + 21. What is the remainder when b is divided by u?
33
Suppose 4*q = -229 - 459. Let l = -17 - q. Suppose -4*o = 5*m - l, 7*m - 30 = -o + 4*m. Calculate the remainder when o is divided by 16.
13
Let s be (54/(-15))/(-9)*(-1 + 31). Calculate the remainder when 124 is divided by (-2)/(-5) + (-102)/(-90)*s.
12
Let l(x) = x**3 + 6*x**2 - 8*x. Let d(j) = -j**3 + 10*j**2 - 6*j + 6. Let z be d(8). Let b = z - 68. What is the remainder when b is divided by l(-7)?
4
Suppose 4*b + 5*n - n = 56, 2*b = n + 16. Let o = 113 + -109. Suppose -o*s = 2*x - 18, 5*x - 24 = s - 4*s. What is the remainder when b is divided by x?
1
Suppose 17*f - 5 = 16*f. Let w be 10/2*(2 + -1). Let d = w + f. Calculate the remainder when 18 is divided by d.
8
Let z = 60 - 40. Let s = 135 + -75. Calculate the remainder when (-9)/6 + 2/4 + s is divided by z.
19
Let d(f) = -31*f**3 + 3*f**2 - 2*f - 4. Calculate the remainder when d(-1) is divided by 13.
6
Let w = 8 + 1. What is the remainder when w is divided by (-2 - 3)*(168/(-30))/7?
1
Let l(y) = y**2 + 8*y - 7. Let n be l(-7). Let i = n - -6. What is the remainder when 321/21 - i/(-28) is divided by 6?
3
Suppose 4*j + 138 = 5*s, 43*s - 38*s - 141 = 3*j. Calculate the remainder when s is divided by 8.
6
Let a be (73/(-2))/(7/(-14)). Suppose h + 3*g - a = -19, 124 = 2*h - 2*